895 is divided by 19?
18
What is the remainder when 460 is divided by 58?
54
Calculate the remainder when 4577 is divided by 19.
17
Calculate the remainder when 502 is divided by 86.
72
What is the remainder when 446 is divided by 122?
80
Calculate the remainder when 13 is divided by 9.
4
Calculate the remainder when 718 is divided by 24.
22
What is the remainder when 544 is divided by 6?
4
Calculate the remainder when 1630 is divided by 61.
44
Calculate the remainder when 287 is divided by 49.
42
Calculate the remainder when 79 is divided by 27.
25
Calculate the remainder when 108 is divided by 30.
18
What is the remainder when 252 is divided by 78?
18
Calculate the remainder when 32 is divided by 15.
2
What is the remainder when 164 is divided by 17?
11
Calculate the remainder when 9282 is divided by 211.
209
Calculate the remainder when 322 is divided by 19.
18
What is the remainder when 5194 is divided by 236?
2
Calculate the remainder when 1836 is divided by 43.
30
What is the remainder when 261 is divided by 22?
19
What is the remainder when 197 is divided by 64?
5
What is the remainder when 128 is divided by 23?
13
Calculate the remainder when 235 is divided by 61.
52
What is the remainder when 114 is divided by 26?
10
Calculate the remainder when 4755 is divided by 948.
15
What is the remainder when 3775 is divided by 31?
24
What is the remainder when 129 is divided by 11?
8
What is the remainder when 315 is divided by 28?
7
Calculate the remainder when 2403 is divided by 14.
9
What is the remainder when 3176 is divided by 787?
28
What is the remainder when 520 is divided by 9?
7
What is the remainder when 5914 is divided by 102?
100
What is the remainder when 127 is divided by 57?
13
What is the remainder when 434 is divided by 19?
16
Calculate the remainder when 291 is divided by 96.
3
What is the remainder when 124 is divided by 21?
19
Calculate the remainder when 5607 is divided by 34.
31
Calculate the remainder when 3556 is divided by 39.
7
Calculate the remainder when 880 is divided by 63.
61
Calculate the remainder when 5698 is divided by 139.
138
What is the remainder when 1196 is divided by 21?
20
What is the remainder when 589 is divided by 116?
9
Calculate the remainder when 75 is divided by 14.
5
Calculate the remainder when 1059 is divided by 144.
51
Calculate the remainder when 3818 is divided by 3805.
13
What is the remainder when 373 is divided by 8?
5
Calculate the remainder when 194 is divided by 40.
34
What is the remainder when 78 is divided by 43?
35
What is the remainder when 1883 is divided by 82?
79
What is the remainder when 235 is divided by 41?
30
Calculate the remainder when 461 is divided by 122.
95
Calculate the remainder when 386 is divided by 6.
2
What is the remainder when 125 is divided by 29?
9
What is the remainder when 13248 is divided by 5?
3
What is the remainder when 6694 is divided by 93?
91
What is the remainder when 268 is divided by 18?
16
Calculate the remainder when 40 is divided by 39.
1
Calculate the remainder when 142 is divided by 5.
2
What is the remainder when 2976 is divided by 96?
0
Calculate the remainder when 1527 is divided by 9.
6
What is the remainder when 2588 is divided by 259?
257
What is the remainder when 254 is divided by 80?
14
Calculate the remainder when 779 is divided by 112.
107
What is the remainder when 1057 is divided by 212?
209
What is the remainder when 1634 is divided by 192?
98
What is the remainder when 385 is divided by 53?
14
Calculate the remainder when 212 is divided by 36.
32
Calculate the remainder when 587 is divided by 59.
56
What is the remainder when 190 is divided by 12?
10
Calculate the remainder when 998 is divided by 91.
88
What is the remainder when 518 is divided by 40?
38
What is the remainder when 478 is divided by 24?
22
Calculate the remainder when 951 is divided by 68.
67
Calculate the remainder when 278 is divided by 46.
2
What is the remainder when 1925 is divided by 63?
35
Calculate the remainder when 418 is divided by 84.
82
Calculate the remainder when 233 is divided by 111.
11
What is the remainder when 22 is divided by 5?
2
What is the remainder when 105 is divided by 28?
21
What is the remainder when 178 is divided by 50?
28
What is the remainder when 739 is divided by 10?
9
Calculate the remainder when 1878 is divided by 441.
114
What is the remainder when 20 is divided by 12?
8
Calculate the remainder when 775 is divided by 22.
5
What is the remainder when 876 is divided by 168?
36
What is the remainder when 61 is divided by 37?
24
What is the remainder when 206 is divided by 23?
22
Calculate the remainder when 760 is divided by 192.
184
What is the remainder when 1285 is divided by 258?
253
What is the remainder when 6488 is divided by 112?
104
What is the remainder when 3913 is divided by 19?
18
What is the remainder when 538 is divided by 49?
48
Calculate the remainder when 89 is divided by 14.
5
What is the remainder when 2301 is divided by 32?
29
Calculate the remainder when 437 is divided by 111.
104
What is the remainder when 87 is divided by 22?
21
Calculate the remainder when 8005 is divided by 38.
25
What is the remainder when 47 is divided by 23?
1
What is the remainder when 242 is divided by 213?
29
What is the remainder when 68 is divided by 46?
22
Calculate the remainder when 183 is divided by 49.
36
What is the remainder when 909 is divided by 53?
8
What is the remainder when 129 is divided by 43?
0
Calculate the remainder when 611 is divided by 76.
3
Calculate the remainder when 62 is divided by 22.
18
Calculate the remainder when 244 is divided by 128.
116
What is the remainder when 1228 is divided by 210?
178
What is the remainder when 177 is divided by 41?
13
Calculate the remainder when 100 is divided by 21.
16
What is the remainder when 797 is divided by 17?
15
What is the remainder when 211 is divided by 145?
66
What is the remainder when 76 is divided by 20?
16
Calculate the remainder when 197 is divided by 7.
1
Calculate the remainder when 80 is divided by 33.
14
What is the remainder when 328 is divided by 158?
12
What is the remainder when 286 is divided by 7?
6
What is the remainder when 5410 is divided by 15?
10
What is the remainder when 363 is divided by 54?
39
What is the remainder when 184 is divided by 37?
36
Calculate the remainder when 1058 is divided by 38.
32
What is the remainder when 378 is divided by 85?
38
What is the remainder when 546 is divided by 11?
7
What is the remainder when 76 is divided by 35?
6
What is the remainder when 1379 is divided by 363?
290
What is the remainder when 119 is divided by 22?
9
Calculate the remainder when 6983 is divided by 8.
7
What is the remainder when 34 is divided by 10?
4
What is the remainder when 323 is divided by 175?
148
Calculate the remainder when 4862 is divided by 35.
32
Calculate the remainder when 7127 is divided by 44.
43
What is the remainder when 10 is divided by 10?
0
What is the remainder when 14068 is divided by 210?
208
What is the remainder when 5391 is divided by 25?
16
Calculate the remainder when 718 is divided by 144.
142
Calculate the remainder when 38 is divided by 8.
6
What is the remainder when 36 is divided by 13?
10
What is the remainder when 31 is divided by 18?
13
What is the remainder when 1592 is divided by 43?
1
What is the remainder when 68 is divided by 49?
19
Calculate the remainder when 418 is divided by 20.
18
Calculate the remainder when 482 is divided by 14.
6
Calculate the remainder when 3847 is divided by 36.
31
Calculate the remainder when 918 is divided by 132.
126
Calculate the remainder when 92 is divided by 30.
2
Calculate the remainder when 557 is divided by 112.
109
Calculate the remainder when 1195 is divided by 506.
183
What is the remainder when 310 is divided by 25?
10
Calculate the remainder when 12477 is divided by 240.
237
What is the remainder when 568 is divided by 243?
82
What is the remainder when 65 is divided by 40?
25
Calculate the remainder when 251 is divided by 66.
53
Calculate the remainder when 91 is divided by 33.
25
What is the remainder when 215 is divided by 73?
69
What is the remainder when 1232 is divided by 6?
2
What is the remainder when 712 is divided by 34?
32
What is